the prime factors of t?
3, 11
Let v be (-3)/(-2) + 2/4. Suppose -v*d + 7*d - 8 = 4*b, -2*b = -d + 4. Suppose d = p - 39 + 4. List the prime factors of p.
5, 7
What are the prime factors of (-122)/488 + (-1754)/(-8)?
3, 73
Suppose 0 + 12 = 4*z. Suppose 30 = z*u - 4*u. Let o = u + 52. What are the prime factors of o?
2, 11
Let b(m) = -m**2 + 9*m - 17. Let s be b(8). What are the prime factors of (-9 - s) + (83 - (-2 - -1))?
2, 3, 7
Let v = 20 - 17. Suppose 0 = -j - d - 7 - 19, v*d = -5*j - 124. Let f = j + 45. What are the prime factors of f?
2, 11
Let j(b) = 3*b**3 - 17*b**2 + 24*b + 19. List the prime factors of j(11).
7, 317
Let u(i) = 7*i**2 - 2*i - 1. Let d be u(-2). Let v(s) = -d*s - 4 + 38*s - 3. What are the prime factors of v(5)?
2, 7
Let h(x) = 6*x**2 - 4*x - 11. Let i be h(7). Suppose u = -4*u + i. List the prime factors of u.
3, 17
Let o be (2 - 3)*-2 + 2. Suppose -8*u = -o*u - 1008. What are the prime factors of u?
2, 3, 7
Suppose 25*n + 5*n = 36360. What are the prime factors of n?
2, 3, 101
Let p(o) = -o**3 - 6*o**2 - 4*o + 7. Suppose 0 = 5*x - 4*y - 4, x - 2*x = y - 8. Suppose -4*s - 20 = x*q, -4*s = -5*q + 4 + 25. List the prime factors of p(s).
31
Let u be (-995 + -1 + 1)*21/(-21). Suppose 2*s - u = -5*k, 4*s + s = 0. List the prime factors of k.
199
Let f = -229 - -669. Suppose 0 = -2*v - 2*k + f, -4*k + 880 = 4*v + k. What are the prime factors of v?
2, 5, 11
Suppose 5*z - 4 = 6, 4*x = -5*z + 12478. List the prime factors of x.
3, 1039
Let q(f) = -47*f + 32. What are the prime factors of q(-11)?
3, 61
Let n(h) = h**3 + 3*h**2 - h. Let t be n(-3). Let q(r) = -t*r + r + 6*r + 6*r. List the prime factors of q(1).
2, 5
What are the prime factors of ((-2529)/(-18))/(-2 + 25/12)?
2, 3, 281
Let y = -279 + 717. Suppose -s - y = -7*s. What are the prime factors of s?
73
Let h = -1997 + 8186. List the prime factors of h.
3, 2063
Let p(i) = -i - 1. Let r(q) = -q**2 - 4*q - 8. Let s(l) = -2*p(l) + r(l). Let f be s(-4). Let h = 0 - f. What are the prime factors of h?
2, 7
Suppose -2*t + 26 = -4*t. Let n = t - -11. List the prime factors of (0 - 2)/(n/31).
31
Let c be ((-328)/6)/((-4)/6). Suppose -i + 2*i = 48. Let n = c - i. List the prime factors of n.
2, 17
Let g be 544/88 - (-2)/(-11). Let w = 9 - g. Suppose -3*s + q = -31, w*q - 50 = -4*s - 0*q. What are the prime factors of s?
11
Let p(r) = 115*r**2 + 6*r + 5. Let q be p(-1). Let z = q - 81. What are the prime factors of z?
3, 11
What are the prime factors of (-126)/(-1449) + 42847/23?
3, 23
Let h(i) = -i**3 + 11*i**2 - 8*i + 1. Suppose -26 = -5*u + 3*z, -2*z - 15 = -4*u + u. List the prime factors of h(u).
3, 47
What are the prime factors of ((-9696)/(-112))/((-9)/(-42))?
2, 101
Let v be (-1036)/10 + (-4)/10. Let c = -657 - -503. Let z = v - c. List the prime factors of z.
2, 5
Let y(l) be the second derivative of 5/2*l**2 - 1/20*l**5 + 9*l + 7/12*l**4 + 5/6*l**3 + 0. What are the prime factors of y(7)?
2, 5
Suppose -3*o + 5*d = -2*o - 190, 0 = 2*o + 2*d - 416. Suppose 23*i - o = 18*i. What are the prime factors of i?
41
Let x be 70 + -1 + -1 + 1. Let k be (-2)/(-4) - x/(-2). Suppose 0 = -3*v - 3*g + g + k, v + 3*g - 7 = 0. List the prime factors of v.
13
Let c(y) = y**2 + 5*y - 3. Let z be c(-4). List the prime factors of 38/133 - 1146/z.
2, 41
Suppose -5*w = 12 - 7. Let z be -2 - -4 - (w - -3). Suppose z = -4*v - 49 + 153. List the prime factors of v.
2, 13
Let j be (10/35)/((-2)/(-14)). Let c(h) = -h**2 + 3*h - 2 + 0 + 9*h**2 - 2*h**2. List the prime factors of c(j).
2, 7
Let l be 27 + 2 + -3 - 0. Let p = 35 + l. List the prime factors of p.
61
Let z = 36 + -42. Let p be (3/(-2))/((-1)/14). Let d = z + p. What are the prime factors of d?
3, 5
Let u(s) = -4*s**3 + s**2 + 18*s + 45. List the prime factors of u(-6).
3, 31
Suppose 0 = -x + 5*x + 4. What are the prime factors of 27/(-9) + (63 - x)?
61
Let t(a) = a + 1. Let h be t(3). Suppose 6*d + 36 = 2*d - h*c, 0 = -3*d - 5*c - 27. What are the prime factors of (3 + -2*2)*d?
3
Let c(y) = -5 + 1 + 8*y**2 + y**2 - 4*y - 1 + 7*y**3. Let w(m) = 3*m**3 + 4*m**2 - 2*m - 2. Let f(t) = 2*c(t) - 5*w(t). List the prime factors of f(-4).
2, 3
Suppose -r = -61 - 207. List the prime factors of r.
2, 67
Let s = 3 - 1. Let w(u) = 6*u - 5*u**s + 6*u**2 + u**2 + 8 - u**2. List the prime factors of w(-8).
2, 3
Let n(y) = -y**3 + 4*y**2 + 5*y + 4. Let m be n(5). Let q be 6/m*(-8)/(-3). Suppose 0 = d + q - 12. List the prime factors of d.
2
List the prime factors of (1*8/12)/((-2)/(-1227)).
409
Let p(s) = 18*s - 6. Let z = 30 - 26. List the prime factors of p(z).
2, 3, 11
Suppose 0 = 4*c + 5*f - 1615, 1235 = 4*c - c - f. What are the prime factors of c?
2, 5, 41
Let t(v) = -v**2 + v + 1. Let b(p) = -p + 2. Let d be b(4). Let i be t(d). List the prime factors of (-7 + 1 + -3)*i.
3, 5
Let f(n) be the first derivative of 15*n**2/2 - n + 8. Let j(k) = 16*k - 2. Let t(v) = 5*f(v) - 4*j(v). What are the prime factors of t(2)?
5
What are the prime factors of (0 + (-1526)/(-21))*9?
2, 3, 109
Let m = -11 + 13. Suppose -m*n - 61 = -j, 116 = -4*n + j + 3*j. List the prime factors of (n/10)/(7/(-70)).
2
Suppose 3*w = 4*w + 2. List the prime factors of 1937/65 - w/10.
2, 3, 5
Let p = -62 - -65. List the prime factors of 378/p + 0/4 + 0.
2, 3, 7
Let c = 11 + 7. Suppose -5*x + 8*x = -c. What are the prime factors of (9/x)/((-3)/102)?
3, 17
List the prime factors of 8/(-6) - (-281276)/114.
2, 3, 137
Let x(o) = o**3 + 10*o**2 - 13*o - 11. List the prime factors of x(-11).
11
Suppose -12*a = -11*a + 5*y - 1344, -4*y = 2*a - 2688. What are the prime factors of a?
2, 3, 7
Let s = 46 - 43. Suppose -s*y = -3*i + 375, -3*i + 4*i + 2*y = 128. What are the prime factors of i?
2, 3, 7
Let q be (3 - 3)*(-2)/(-4). Suppose q*h = -h + 30. Suppose z - h = 8. What are the prime factors of z?
2, 19
Suppose g + 0 = 2. Let p(f) = -3 + 19*f + 1 + 3. What are the prime factors of p(g)?
3, 13
Suppose -2970 = -13*u - 266. What are the prime factors of u?
2, 13
Let g(w) = -2*w + 5. Let b be g(-2). Suppose 0 = o - 81 - b. List the prime factors of o.
2, 3, 5
Suppose 6*l - 3952 = 1136. List the prime factors of l.
2, 53
Suppose -10604 - 1408 = -39*y. What are the prime factors of y?
2, 7, 11
Let w(k) = -3*k - 8. Let m be w(-4). Suppose -2*v - 38 = -u - 7*v, -v - 257 = -m*u. What are the prime factors of u?
3, 7
Let i be 0 - -362 - 0*(1 - 0). Let m = i + -185. List the prime factors of m.
3, 59
Suppose -5*n + 1 = -3*l - 4, -3*n = -3*l + 3. Suppose -n*k + 188 = t, 235 = 4*k + k - 3*t. Let v = -26 + k. List the prime factors of v.
3, 7
Let m(c) be the first derivative of -3*c**2/2 - 3*c - 1. Let o be m(-9). Suppose 3*v + o = 123. List the prime factors of v.
3, 11
Suppose -3*k - 10 = -4, 2*k = -4*u + 152. Suppose 5*y - u = -8*w + 5*w, 0 = -4*w - 2*y + 38. List the prime factors of w.
2
Let t be ((-50)/(-3) + -2)/((-14)/63). Let k = t - -86. What are the prime factors of k?
2, 5
Suppose -s + 4*b + 17 = 4*s, 4*s - 26 = -3*b. Suppose -s*n - 5*y = -520, -2*n - 4*y - 109 = -3*n. What are the prime factors of n?
3, 5, 7
Let g(h) = -17*h**2 - h. Let n be g(1). Let s = 20 + -22. What are the prime factors of 156/n*(-1 + s)?
2, 13
Suppose 0 = -5*r + 35*r - 118650. List the prime factors of r.
5, 7, 113
Suppose -28*z + 5956 = -3816. What are the prime factors of z?
349
Suppose 34 = -5*j - 346. Let u(l) = -9*l + 57. Let x be u(-6). Let s = x + j. What are the prime factors of s?
5, 7
Suppose -51*c = -18301 - 17399. List the prime factors of c.
2, 5, 7
Let y be (-2 - 1) + 2 + 3. Suppose 3*m - 14 = -5*b, 3*b + 3*m = b + y. Suppose 24 = 5*j + 3*v - 120, 112 = b*j + 4*v. What are the prime factors of j?
2, 3, 5
Let f(o) = o**2 + 5*o - 3. Let u be f(-6). Let y be u/3*0/4. Suppose 4*p - 12 + y = 0. What are the prime factors of p?
3
Let q = -75 - -75. Suppose q = 8*b - 380 - 1412. What are the prime factors of b?
2, 7
Suppose 0 = y - 3*x + 2, 0 = -5*y + 3*x - 2*x - 66. Let s = y + 18. What are the prime factors of (-44)/(-16) + (-3)/s?
2
Let q(d) be the third derivative of 7/60*d**5 + 0 - 3*d**2 - 4/3*d**3 + 0*d - 1/120*d**6 + 1/2*d**4. What are the prime factors of q(8)?
2, 3
Let o(j) = 96*j**2 + 33*j + 195. What are the prime factors of o(-5)?
2, 3, 5
Let b = -13 - -24. Suppose 128 = -9*k + b*k. What are t